{"version":"1.0","provider_name":"Ferran Garreta","provider_url":"https:\/\/www.ferrangarreta.com\/es\/","author_name":"Carme","author_url":"https:\/\/www.ferrangarreta.com\/es\/author\/carme\/","title":"Memoria y premios - Ferran Garreta","type":"rich","width":600,"height":338,"html":"<blockquote class=\"wp-embedded-content\" data-secret=\"U6nm9qRyE9\"><a href=\"https:\/\/www.ferrangarreta.com\/es\/memoria-y-premios\/\">Memoria y premios<\/a><\/blockquote><iframe sandbox=\"allow-scripts\" security=\"restricted\" src=\"https:\/\/www.ferrangarreta.com\/es\/memoria-y-premios\/embed\/#?secret=U6nm9qRyE9\" width=\"600\" height=\"338\" title=\"\u00abMemoria y premios\u00bb \u2014 Ferran Garreta\" data-secret=\"U6nm9qRyE9\" frameborder=\"0\" marginwidth=\"0\" marginheight=\"0\" scrolling=\"no\" class=\"wp-embedded-content\"><\/iframe><script>\n\/*! This file is auto-generated *\/\n!function(d,l){\"use strict\";l.querySelector&&d.addEventListener&&\"undefined\"!=typeof URL&&(d.wp=d.wp||{},d.wp.receiveEmbedMessage||(d.wp.receiveEmbedMessage=function(e){var t=e.data;if((t||t.secret||t.message||t.value)&&!\/[^a-zA-Z0-9]\/.test(t.secret)){for(var s,r,n,a=l.querySelectorAll('iframe[data-secret=\"'+t.secret+'\"]'),o=l.querySelectorAll('blockquote[data-secret=\"'+t.secret+'\"]'),c=new RegExp(\"^https?:$\",\"i\"),i=0;i<o.length;i++)o[i].style.display=\"none\";for(i=0;i<a.length;i++)s=a[i],e.source===s.contentWindow&&(s.removeAttribute(\"style\"),\"height\"===t.message?(1e3<(r=parseInt(t.value,10))?r=1e3:~~r<200&&(r=200),s.height=r):\"link\"===t.message&&(r=new URL(s.getAttribute(\"src\")),n=new URL(t.value),c.test(n.protocol))&&n.host===r.host&&l.activeElement===s&&(d.top.location.href=t.value))}},d.addEventListener(\"message\",d.wp.receiveEmbedMessage,!1),l.addEventListener(\"DOMContentLoaded\",function(){for(var e,t,s=l.querySelectorAll(\"iframe.wp-embedded-content\"),r=0;r<s.length;r++)(t=(e=s[r]).getAttribute(\"data-secret\"))||(t=Math.random().toString(36).substring(2,12),e.src+=\"#?secret=\"+t,e.setAttribute(\"data-secret\",t)),e.contentWindow.postMessage({message:\"ready\",secret:t},\"*\")},!1)))}(window,document);\n\/\/# sourceURL=https:\/\/www.ferrangarreta.com\/wp-includes\/js\/wp-embed.min.js\n<\/script>\n","description":"Memoria y premios Llu\u00eds Garreta Sabadell (1909 &#8211; 1992)1940Medalla de Plata y Diploma en la Exposici\u00f3n de la Labor de la Artesan\u00eda del Hierro celebrada en Barcelona.1949Diploma de Honor en el Concurso Regional de Artesan\u00eda celebrado en Vic.Diploma de Honor en el Concurso Provincial de Artesan\u00eda de Barcelona.Primera Medalla en el Concurso Provincial de Oficio [&hellip;]"}

Memoria y premios Lluís Garreta Sabadell (1909 &#8211; 1992)1940Medalla de Plata y Diploma en la Exposición de la Labor de la Artesanía del Hierro celebrada en Barcelona.1949Diploma de Honor en el Concurso Regional de Artesanía celebrado en Vic.Diploma de Honor en el Concurso Provincial de Artesanía de Barcelona.Primera Medalla en el Concurso Provincial de Oficio [&hellip;]
